hen k is divided by 14?
11
Suppose -7*r + 2*r + 15 = 0, -18 = -3*p - 3*r. Suppose 0 = -p*y + 39 + 30. Calculate the remainder when 66 is divided by y.
20
Suppose 3*k - 40 = -5*s, -4*k + 80 = -3*s - 12. What is the remainder when 54 is divided by k?
14
Let o(a) = 2*a**2 + 5*a + 10 + 4*a - a**2. Let t(f) = 6*f + 10. Let u be t(-3). What is the remainder when 7 is divided by o(u)?
1
Suppose q + 41 = 3*d, 3*d + 28 = 4*q + 66. Let t = 102 - 76. Calculate the remainder when t is divided by d.
12
Suppose -4*m + 8 + 4 = 0. Calculate the remainder when 4 is divided by m.
1
Suppose -3 + 7 = 2*r. Suppose c + 29 = 5*t, 2*c + r = 4*t - 26. Calculate the remainder when 8 is divided by t.
3
Let g = -36 - -50. What is the remainder when 25 is divided by g?
11
Suppose 0*t = -2*t + 32. What is the remainder when (-3)/2 + (-130)/(-4) is divided by t?
15
Let q be 43/3*(-9)/3. Let k = q - -103. Suppose -4*o = -k + 20. Calculate the remainder when o is divided by 4.
2
What is the remainder when 98 is divided by 4/((-4)/(-1)) - -16?
13
Let d(c) = -5*c**2 + 2*c - 3. Let w(p) = 11*p**2 - 4*p + 6. Let r(j) = 13*d(j) + 6*w(j). Let b = 464 + -451. Calculate the remainder when b is divided by r(-4).
3
What is the remainder when (-6)/2 + 336/4 is divided by 26 + 3 - (-1 - -2)?
25
Suppose 2*q - 12 = -s, 4*s - 3*s - 2*q + 8 = 0. Let l(f) = f**3 + 2*f**2 - f + 2. What is the remainder when 62 is divided by l(s)?
14
Suppose -7*y - 6 = -8*y. Calculate the remainder when 35 is divided by ((-3)/2)/(y/(-36)).
8
Suppose 12 = d - 5. Calculate the remainder when 31 is divided by d.
14
Let v(d) = -d + 11. Let y be 13 - (2 - -1)/3. Let j be v(y). What is the remainder when (-1)/(162/(-159) - j) is divided by 18?
17
Let u(n) = -2*n. Let w be u(-14). What is the remainder when 5 is divided by (-16)/w*(-14)/4?
1
Let i be (-1 - 2)*(-2)/3. Let z be (-30)/(-4)*8/10. Let a = i + z. Calculate the remainder when 22 is divided by a.
6
Let f(n) be the first derivative of -n**2/2 - 2. Let k = 21 - 10. Calculate the remainder when k is divided by f(-6).
5
What is the remainder when (62 - 3)*(0 - -1) is divided by (-5 - 1)*(-10)/4?
14
Suppose 3*k = -49 + 4. Let v = 21 - k. What is the remainder when 46 is divided by 1/(-3 - (-111)/v)?
10
Suppose u = n + 63, n - 4*n = 0. Suppose 0 = j + 4*b + 7, 23 = j - 0*j - 2*b. What is the remainder when u is divided by j?
11
Suppose 3*w + 3*p + 24 = 0, p = 5*w - 4*p + 80. Calculate the remainder when 1/(23/w - -2) is divided by 7.
5
Let r = 100 + -58. What is the remainder when r is divided by 15?
12
Let z(j) = -6*j + 1. Let t(h) = h. Let r(k) = 3*t(k) + z(k). Let v = -16 - -20. What is the remainder when r(-2) is divided by v?
3
Let j(y) = -6*y - 25. Let m = 26 - 16. What is the remainder when j(-10) is divided by m?
5
Suppose 4*n - 2*a = -n + 102, 3*a - 17 = -n. What is the remainder when 119 is divided by n?
19
Let d be 1/1*(3 + 13). Suppose -3*w + 38 = -2*j - 3*j, j + d = 2*w. What is the remainder when w is divided by 4?
2
Let m(a) = a**3 - 6*a**2 + 4*a - 6. Let k(x) = x**3 + 8*x**2 - 9*x + 6. Let b be k(-9). What is the remainder when m(b) is divided by 7?
4
Let x be 23/(-1*(1 - 2)). Suppose -88 = -5*w - x. What is the remainder when 24 is divided by w?
11
Suppose 0 = -0*l + 5*l - 265. What is the remainder when l is divided by 14?
11
Let a(q) = -7*q + 4. Let n(y) = -7*y + 5. Let w(r) = 6*a(r) - 5*n(r). Let m = -1 - -12. What is the remainder when m is divided by w(-1)?
5
Let n(t) = -2*t + 2. Let l be n(-4). Let o = 20 - l. Calculate the remainder when o is divided by 6.
4
Let n(k) = k**3 + 9*k**2 - 2*k - 6. Let s be n(-9). Let b = -1 + s. What is the remainder when b is divided by 3/(-2) - 11/(-2)?
3
Let k = -272 + 292. Suppose -4*f = 4*n - 296, -4*f + 50 = 3*n - 251. What is the remainder when f is divided by k?
19
Suppose 4*d - 2*d - 14 = 0. Let w(k) = -k + 4. Suppose 3*v = 7*v + 32. What is the remainder when w(v) is divided by d?
5
Suppose -5*z + 3*g + 78 = -34, -4*z + g = -84. Let c = 0 + 2. Let q(s) = 7*s - 3. Calculate the remainder when z is divided by q(c).
9
What is the remainder when 7 is divided by 2/(4/4)*2?
3
Suppose -x = f - 17, f = -3*x + 38 - 11. Let n = -57 + 90. What is the remainder when n is divided by f?
9
Suppose -5*s + 3*s = 3*q - 47, -5*s + 90 = 2*q. What is the remainder when 47 is divided by s?
15
Suppose -2*j + 8 = 2*m - 0*j, m - 10 = -4*j. Let x = 12 - m. Calculate the remainder when x is divided by 4.
2
Let k = -123 - -178. Calculate the remainder when k is divided by 1 + 0 + 9*2.
17
Let j = -6 - -30. Suppose 6 - 18 = 4*y. Calculate the remainder when j is divided by (-2)/y - (-37)/3.
11
Suppose -4*c + 33 - 13 = 0, -5*c + 35 = 2*w. Suppose -w*i + 2*i + 54 = 0. What is the remainder when i is divided by 9 - ((-1)/(-1) + -2)?
8
Let i = 10 + 2. Let g(t) be the first derivative of -t**4/4 - t**3/3 - t**2 - t - 2. Calculate the remainder when i is divided by g(-2).
5
Suppose 2*w = 7*w - 35. Calculate the remainder when 26 is divided by w.
5
Suppose 0 = -17*w + 22*w - 685. Calculate the remainder when w is divided by 46.
45
Let g be (1 + 0)/(8/832). Suppose 2*z + 2*z - g = 0. Calculate the remainder when 49 is divided by z.
23
Let w(n) = -2*n - 18. What is the remainder when 40 is divided by w(-16)?
12
Let o = -1 + 5. Suppose -o*q = -5*q + 7. Calculate the remainder when q is divided by (4 - 2)*(1 - -1).
3
Suppose 26 - 6 = -4*w. What is the remainder when 20 is divided by w/(-15) - 64/(-6)?
9
Let v(a) = 5*a - 106. Let s(p) = p - 21. Let z(h) = -11*s(h) + 2*v(h). Suppose 0 = -9*j + 8*j + 7. What is the remainder when z(0) is divided by j?
5
Let c(l) = -16*l - 5. Calculate the remainder when 52 is divided by c(-2).
25
Suppose 4*d + y - 27 = 0, 5*y + 2 = 2*d + 5. Calculate the remainder when 23 is divided by d.
5
Let j = 51 - 13. Suppose -3*l + l + 30 = 2*k, 0 = 2*l - 3*k - 20. Calculate the remainder when j is divided by l.
12
Let y(m) = m**2 + m + 0*m + 7 - 4. Let n be (-21)/6 - 1/2. What is the remainder when 43 is divided by y(n)?
13
Suppose -5*f = -7*f + 456. What is the remainder when f is divided by 46?
44
Suppose 4*z - 254 = -90. What is the remainder when z is divided by 22?
19
Let c(o) = 3*o**2 - 17*o + 8. What is the remainder when c(6) is divided by 6?
2
Suppose -4*p - 2*i - 2*i = -108, -3*p + 4*i + 53 = 0. Suppose 7*x + 9 = 2*x + 4*u, -u = -1. Calculate the remainder when p is divided by (-26)/(-1 + x) - 1.
11
Let c = 1 - 1. Let v(m) = m**2 - m + 13. Calculate the remainder when 49 is divided by v(c).
10
Let q = 5 - 1. Suppose a + 111 = q*a. What is the remainder when a is divided by 13?
11
Let g(q) = -7*q - 2. Calculate the remainder when g(-5) is divided by 18.
15
Suppose 4*n = 28 + 272. Suppose n = 5*l + m, m = -0*l + 3*l - 45. Let a = -15 - -58. What is the remainder when a is divided by l?
13
Suppose -w - 18 = -7*w. Suppose -v + 2 - 4 = 0, 5*v = -m - 6. Calculate the remainder when m is divided by w.
1
Suppose 2*l - 65 = m + 2*m, -4*l - 2*m = -170. Let r be -1 - -3 - (-5)/(-1). Let d = r + 17. What is the remainder when l is divided by d?
12
Let q(u) = -10*u + 3. Suppose -3*a + j = -47, -5*a = 2*j - 5*j - 77. What is the remainder when q(-6) is divided by a?
15
Calculate the remainder when (-1 - 3/(-2))/(43/3440) is divided by 23.
17
Let x(s) = 2*s - 7. Let a = -13 + 33. What is the remainder when a is divided by x(9)?
9
Suppose 0 = 3*z - 403 + 94. What is the remainder when z is divided by 26?
25
Let r = 65 - 24. What is the remainder when r is divided by 22?
19
Let h = -41 - -60. Calculate the remainder when 73 is divided by h.
16
Let y(x) be the first derivative of -2*x**2 - 5*x + 6. Calculate the remainder when 44 is divided by y(-5).
14
Let p(o) = -4 + 2 + 2*o + 1. Suppose 5*q - 8 = -3*r, r + r + 1 = 3*q. Calculate the remainder when r is divided by p(1).
0
Suppose 1 = q - 2. Suppose 2*v + q*v - 150 = 0. Calculate the remainder when v is divided by 16.
14
Let h(r) = 4*r**2 - r. Let z be h(2). Suppose -194 = -4*q + z. What is the remainder when q is divided by 18?
16
Let z = 299 + -171. Suppose -3*m + z = -13. What is the remainder when m is divided by 12?
11
Let x = -63 + 92. Suppose 17 = w + 3*d, w - x = d + 2*d. Suppose 0 = 5*n - 41 + 1. What is the remainder when w is divided by n?
7
Let u(k) be the thir